*-3. Let h = -3 - b. Suppose 0 = -m - 5*y + 33, y + 48 = -0*m + h*m. List the prime factors of m.
13
Suppose 0 = 6*b - 2*b. Let m(s) = b*s**2 + 3 - s**3 + 0*s**2. What are the prime factors of m(0)?
3
Suppose a - t - 149 + 46 = 0, 4*t - 16 = 0. List the prime factors of a.
107
Suppose 4*g - 7 - 5 = 0. Suppose -8*r - 79 = -3*l - 3*r, r = 1. Suppose g*s = w + l, 0 = -s - 4*w + 29 - 11. List the prime factors of s.
2, 5
Let v(t) = t**3 + 5*t**2 + 2*t. Let r be v(-2). Let m = 23 - r. List the prime factors of m.
3, 5
Let w(x) = x**2 + 3*x + 7*x + 5 - 4*x. Let i = -24 + 17. List the prime factors of w(i).
2, 3
Suppose -19*l + 188 = -15*l. What are the prime factors of l?
47
Suppose -5*t - 4 = 5*p - 24, -2*t = -4*p + 34. List the prime factors of p.
7
Suppose -15 = 3*s, b + 5*s = -0*s + 181. What are the prime factors of b?
2, 103
Let d be 2/(-3) - 88/(-6). Let g(o) = o**3 + 0*o + d + o + 0*o**3. What are the prime factors of g(0)?
2, 7
Suppose -d = 4*d - 15, -2*a = d - 61. Suppose -42 = 3*t - 6. Let r = t + a. What are the prime factors of r?
17
Let r = 7 + 19. List the prime factors of r.
2, 13
Suppose -5*o + 350 = -0*o. What are the prime factors of o?
2, 5, 7
Let q(h) = h**3 + 4*h**2 - 4. Let b be q(-3). Let m(c) = c**3 - 4*c**2 - 2*c. List the prime factors of m(b).
3, 5
Suppose 0 = -z - z + 56. What are the prime factors of z?
2, 7
Let g = 2 + -1. Suppose -4*f + 33 = g. What are the prime factors of f/28 - 19/(-7)?
3
Let w(d) be the first derivative of -d**2/2 + d - 2. Let s be 2/1 + -10 + 1. List the prime factors of w(s).
2
Let i(m) = 7*m - 14. What are the prime factors of i(9)?
7
List the prime factors of -6 - (-10 + 4 + -224).
2, 7
Suppose 4*q + 3*t - 2 = 0, 8 = 2*q - 4*t + 2*t. List the prime factors of q.
2
Suppose 4*o - 34 = -2*b, 3*b = -2 + 5. What are the prime factors of o?
2
Let r(z) = z**2 - 6*z - 2. Let x be r(7). Suppose 13 = x*c - 62. Let g = -3 + c. What are the prime factors of g?
2, 3
Let t(k) = 12*k + 7. Let s(a) = -18*a - 10. Let j(y) = 5*s(y) + 7*t(y). What are the prime factors of j(-1)?
5
Let k be (-12)/(-2)*(-7)/(-3). Suppose 0 = 4*a - k - 74. What are the prime factors of a?
2, 11
Let w be (-2 - -6)*-4 - 0. Suppose 0 = -3*a + 42 + 39. Let l = w + a. List the prime factors of l.
11
Suppose -3*h = 5 - 2, 0 = 3*m + 3*h - 114. What are the prime factors of m?
3, 13
Let k be 3/(-9) + (-94)/(-3). Suppose -k = -5*h + 29. List the prime factors of h.
2, 3
Suppose -2*i + 3*i - 25 = 5*g, 4*i - 5*g = 25. Let x be (36/(-48))/(2/(-8)). Suppose i = x*o - 39. List the prime factors of o.
13
Suppose 4*p + 4*o = 204, -3*p - p + 210 = 2*o. What are the prime factors of p?
2, 3
Let o = -8 - -8. Suppose 1 = -x + 4*w, 4*x + 5*w - 39 - 20 = o. What are the prime factors of x?
11
What are the prime factors of 2*2/(-10) - 12006/(-90)?
7, 19
Suppose 10 = -3*b + 4*f, 2*b - 18 = -4*f + 2. Suppose -g - 27 = -u + 25, -b*u = 2*g - 108. List the prime factors of u.
53
Suppose 5*q - 5*n - 70 = 0, 4*n = -q + 6*n + 16. What are the prime factors of q?
2, 3
Suppose -4*d - 40 = -3*d. Let v be 16/d - 62/(-5). Suppose -3*z + 3 - v = 5*c, 4*c = -z - 10. List the prime factors of z.
2
Let m = 3 - 1. Let u be 2 - 1 - (-6)/m. List the prime factors of (48/(-20))/(u/(-10)).
2, 3
Suppose -659 = -3*i - 122. What are the prime factors of i?
179
Suppose 0 = -4*s + 2*s + 18. Suppose 17 = b - s. List the prime factors of b.
2, 13
Suppose -5*n - 104 = -2*h, -n - 145 = -4*h + 27. Suppose 4*l - 6*l = -h. List the prime factors of l.
3, 7
Suppose -2*f + r + 124 + 115 = 0, -5*f + 590 = -5*r. What are the prime factors of f?
11
Suppose -4*z = -3*z - 2*c, 3*c = 4*z. Let p = 26 - z. List the prime factors of p.
2, 13
Let b(w) = -192*w + 5. What are the prime factors of b(-1)?
197
Let j(t) = -t + 7. Let v be j(0). Suppose -8*m = -v*m - 19. What are the prime factors of m?
19
Let b(u) = -2*u + 37. List the prime factors of b(14).
3
Let y be (-2)/(-1) - (2 + -2). Let q(a) = -a**2 + 11*a. Let d be q(11). List the prime factors of (d + y)/((-2)/(-16)).
2
Suppose 0 = -2*z - 0*z + 406. List the prime factors of z.
7, 29
Let j = 4 - 7. What are the prime factors of 7*2 - (j - -3)?
2, 7
Let s be (-2 + -100)/(0 - 2). Suppose -4*u + s = -u. What are the prime factors of u?
17
List the prime factors of (68 - 5) + 0/(-3).
3, 7
Suppose 112 = 2*z - 4*z. Let g = 35 + z. Let y = -13 - g. List the prime factors of y.
2
Let t = -2 + 13. What are the prime factors of t?
11
Suppose 6*y - 3*y = 168. Let v = -29 + y. Suppose -v = -6*b + 3*b. What are the prime factors of b?
3
Suppose 3*z = -z - j + 15, 0 = 5*z - 3*j - 40. Let t(o) = z*o - o - 3 + o. List the prime factors of t(3).
2, 3
Let i be 37/2 + 2/(-4). Suppose -i = -0*b - 3*b. Let z = b + -3. What are the prime factors of z?
3
Suppose 5*v + 12 - 32 = 5*r, -v = 3*r + 16. Let w be (1 + v + 9)/1. Let b = w + 1. What are the prime factors of b?
2, 5
Suppose -3*l + 5*l = 58. Let s = l + -17. List the prime factors of s.
2, 3
Let t(c) = -c**3 + 6*c**2 - 6*c + 1. Suppose 4 = h - 0. What are the prime factors of t(h)?
3
Suppose 13*p - 733 + 213 = 0. What are the prime factors of p?
2, 5
Let m(r) = -2*r**3 - 6*r**2 + 7*r + 10. What are the prime factors of m(-5)?
3, 5
Let s(j) = 2*j + 4. What are the prime factors of s(3)?
2, 5
Let s(y) = y**2 + y + 30. What are the prime factors of s(13)?
2, 53
Let d = 35 - 20. Suppose 15 = w - h + 2, -2*w + h + 23 = 0. Let o = d - w. What are the prime factors of o?
5
Suppose 3*g - 19 = -4*o + 5, -12 = -2*o - g. Let s(c) = -o + 0*c - c - c. What are the prime factors of s(-4)?
2
Let f(l) = 4 - 3*l**2 + 2*l**2 + 2*l**2. List the prime factors of f(-4).
2, 5
Let j(d) = d**2 + 2*d - 9. Let m be j(-7). Suppose 10 + m = 3*t. List the prime factors of t.
2, 3
Let c(r) = r**2 - 2*r - 5. Let k be c(4). Suppose 0 = 3*d + 4*n - n - 9, -k*d + 2*n + 14 = 0. List the prime factors of d.
2
What are the prime factors of 9/(-5)*50/(-15)?
2, 3
Suppose -1 = -j + 1. Suppose -j*g - y + 39 = 2*g, -5*y + 19 = 4*g. List the prime factors of g.
11
Let z(j) = j**2 + 3 + j + 2 - 2*j**3 - 2*j - 4. What are the prime factors of z(-2)?
23
Let m = 18 + 66. What are the prime factors of m?
2, 3, 7
List the prime factors of (136/(-24))/((-2)/(-3))*-2.
17
Let w = 61 + -28. What are the prime factors of w?
3, 11
Let f be (-2 - 6)*(-6)/1. Let y = f + -21. What are the prime factors of y?
3
Suppose 8 = -4*w + 5*w. List the prime factors of w.
2
Let s(i) = 4*i**2 - 3*i + 1. Let t be s(-2). Suppose 5*a - 7 = 2*r - t, -3*r + 19 = -5*a. List the prime factors of r.
3
Let i(r) = -2*r**2 + 5*r - 1. Let n(y) = -y**2 + 2*y - 1. Let f(q) = -4*i(q) + 7*n(q). Let m be (3 + 0)/(9/21). What are the prime factors of f(m)?
2
Suppose 3*x + 189 = v, 0 = 8*v - 4*v - 3*x - 774. What are the prime factors of v?
3, 5, 13
Let j(q) be the third derivative of q**7/252 + q**5/120 - q**4/12 + 3*q**2. Let m(h) be the second derivative of j(h). What are the prime factors of m(1)?
11
Let b = -3 - -6. Let n be 1*b - 12/(-4). Suppose -41 + n = -4*i + w, 3*i = 5*w + 39. What are the prime factors of i?
2
List the prime factors of (-2)/(-6) + 346/6.
2, 29
Let h(c) = -c**2 - 12*c - 12. List the prime factors of h(-9).
3, 5
Suppose 2*g - 2*w - 14 = -2*g, -2*g + 22 = 4*w. Suppose -3*s = x - 22, 0*s + 42 = g*x - 2*s. What are the prime factors of x?
2, 5
What are the prime factors of (-1164)/(-20) + (-8)/(-10)?
59
Let y = 10 + -17. Let k(r) = -6 - r**2 - 5*r - 4*r - 2 + 0. List the prime factors of k(y).
2, 3
Suppose 3*d + 3*l = 156, -4*d - 2*l + 214 = -l. List the prime factors of d.
2, 3
Let u = 77 + -24. List the prime factors of u.
53
Let s be 3/((-9)/3) - -2. List the prime factors of (32 - s) + (-9 - -10).
2
Let u be 2/6*(1 + 14). Suppose h - 7 = u. What are the prime factors of h?
2, 3
Let f(n) = -3*n - 6. Let b be f(4). Let l = 1 - -5. List the prime factors of (3 - b)*4/l.
2, 7
Let d(h) = h**3 + 8*h**2 + 7*h - 3. Let v be d(-7). Let l = 9 + v. List the prime factors of l.
2, 3
What are the prime factors of 9/(-48)*-4 + 285/20?
3, 5
Suppose -3*k + 3*r = -7*k + 215, 5*k + 5*r = 265. Suppose -2*v - 2*y + k = 0, -6*v + 4*y + 167 = -v. List the prime factors of v.
31
Let r(i) be the first derivative of -5*i**2/2 + 4*i + 1. What are the prime factors of r(-3)?
19
Let b be 1/3 